{"id":43,"date":"2017-06-15T10:20:16","date_gmt":"2017-06-15T08:20:16","guid":{"rendered":"http:\/\/asptt-lyon-tennis.fr\/?page_id=43"},"modified":"2021-07-31T08:04:23","modified_gmt":"2021-07-31T06:04:23","slug":"le-comite-de-section","status":"publish","type":"page","link":"https:\/\/asptt-lyon-tennis.fr\/?page_id=43","title":{"rendered":"Le comit\u00e9 de section"},"content":{"rendered":"\n<p>Pr\u00e9sidente : \u00c9l\u00e9na MARTIN<\/p>\n\n\n\n<p>Tr\u00e9sorier : G\u00e9rard EYRAUD<\/p>\n\n\n\n<p>Secr\u00e9taire : Damien DUPONT<\/p>\n\n\n\n<p>Vice &#8211; Pr\u00e9sident &#8211; DRH : Guy MULATIER<\/p>\n\n\n\n<p>Membres :<\/p>\n\n\n\n<p>Gr\u00e9goire LEFRERE &#8211; Tr\u00e9sorier Adjoint<\/p>\n\n\n\n<p>Joseph BARRAGAN<\/p>\n\n\n\n<p>C\u00e9line BOULON<\/p>\n\n\n\n<p>St\u00e9phane FERRAND<\/p>\n\n\n\n<p>Alexandre COELHO<\/p>\n\n\n\n<p>Th\u00e9r\u00e8ze ZUKOWSKI<\/p>\n\n\n\n<p>Chantal RECROIX Secr\u00e9taire Adjointe<\/p>\n","protected":false},"excerpt":{"rendered":"<p>Pr\u00e9sidente : \u00c9l\u00e9na MARTIN Tr\u00e9sorier : G\u00e9rard EYRAUD Secr\u00e9taire : Damien DUPONT Vice &#8211; Pr\u00e9sident &#8211; DRH : Guy MULATIER Membres : Gr\u00e9goire LEFRERE &#8211; Tr\u00e9sorier Adjoint Joseph BARRAGAN C\u00e9line BOULON St\u00e9phane FERRAND Alexandre COELHO Th\u00e9r\u00e8ze ZUKOWSKI Chantal RECROIX Secr\u00e9taire Adjointe<\/p>\n<a class=\"btn_a\" href=\"https:\/\/asptt-lyon-tennis.fr\/?page_id=43\"><span><i class=\"in_left fa fa-angle-right\"><\/i><span>Details<\/span><i class=\"in_right fa fa-angle-right\"><\/i><\/span><\/a>","protected":false},"author":2,"featured_media":0,"parent":30,"menu_order":0,"comment_status":"closed","ping_status":"closed","template":"","meta":[],"_links":{"self":[{"href":"https:\/\/asptt-lyon-tennis.fr\/index.php?rest_route=\/wp\/v2\/pages\/43"}],"collection":[{"href":"https:\/\/asptt-lyon-tennis.fr\/index.php?rest_route=\/wp\/v2\/pages"}],"about":[{"href":"https:\/\/asptt-lyon-tennis.fr\/index.php?rest_route=\/wp\/v2\/types\/page"}],"author":[{"embeddable":true,"href":"https:\/\/asptt-lyon-tennis.fr\/index.php?rest_route=\/wp\/v2\/users\/2"}],"replies":[{"embeddable":true,"href":"https:\/\/asptt-lyon-tennis.fr\/index.php?rest_route=%2Fwp%2Fv2%2Fcomments&post=43"}],"version-history":[{"count":4,"href":"https:\/\/asptt-lyon-tennis.fr\/index.php?rest_route=\/wp\/v2\/pages\/43\/revisions"}],"predecessor-version":[{"id":1140,"href":"https:\/\/asptt-lyon-tennis.fr\/index.php?rest_route=\/wp\/v2\/pages\/43\/revisions\/1140"}],"up":[{"embeddable":true,"href":"https:\/\/asptt-lyon-tennis.fr\/index.php?rest_route=\/wp\/v2\/pages\/30"}],"wp:attachment":[{"href":"https:\/\/asptt-lyon-tennis.fr\/index.php?rest_route=%2Fwp%2Fv2%2Fmedia&parent=43"}],"curies":[{"name":"wp","href":"https:\/\/api.w.org\/{rel}","templated":true}]}}

Le comité de section

<p>Présidente : Éléna MARTIN</p>



<p>Trésorier : Gérard EYRAUD</p>



<p>Secrétaire : Damien DUPONT</p>



<p>Vice &#8211; Président &#8211; DRH : Guy MULATIER</p>



<p>Membres :</p>



<p>Grégoire LEFRERE &#8211; Trésorier Adjoint</p>



<p>Joseph BARRAGAN</p>



<p>Céline BOULON</p>



<p>Stéphane FERRAND</p>



<p>Alexandre COELHO</p>



<p>Thérèze ZUKOWSKI</p>



<p>Chantal RECROIX Secrétaire Adjointe</p>

<p>Présidente : Éléna MARTIN Trésorier : Gérard EYRAUD Secrétaire : Damien DUPONT Vice &#8211; Président &#8211; DRH : Guy MULATIER Membres : Grégoire LEFRERE &#8211; Trésorier Adjoint Joseph BARRAGAN Céline BOULON Stéphane FERRAND Alexandre COELHO Thérèze ZUKOWSKI Chantal RECROIX Secrétaire Adjointe</p>
<a class="btn_a" href="https://asptt-lyon-tennis.fr/?page_id=43"><span><i class="in_left fa fa-angle-right"></i><span>Details</span><i class="in_right fa fa-angle-right"></i></span></a>
